at is the tens digit of d(-2)?
0
Suppose w = -q - 2, -q + 2*w = 3*q - 4. Suppose 4*s + 26 = -5*y, -3*y - 8 + 2 = q. What is the tens digit of 380/16 - s/16?
2
Let n = 432 + -331. What is the tens digit of n?
0
Suppose -2*i + 22*s - 19*s + 1070 = 0, 5*s = 3*i - 1603. What is the hundreds digit of i?
5
Suppose -11 - 64 = -5*h. Let j(o) = 2*o**2 - 12*o + 10. What is the units digit of j(h)?
0
Let o be 15/(((-21)/42)/(2/(-4))). Suppose 0 = -5*i - 2*y + 14, -y = 5*i + 2*y - 16. Suppose i*b = o + 73. What is the units digit of b?
4
Let i = 6 - 2. Suppose 2 = 3*q - i. Suppose -3*h + 80 = 4*c + c, 3*h - 52 = q*c. What is the units digit of h?
0
Let z(i) be the first derivative of -9*i**2/2 - 13*i - 29. What is the units digit of z(-12)?
5
What is the thousands digit of -6 + (-5 - -13) - -2172?
2
Suppose 0 = -17*u + 1431 - 241. What is the units digit of u?
0
Suppose f = 4*k + 4 - 165, -k - f = -39. Suppose -i - k = -2*i. What is the tens digit of i?
4
Let u = -117 - -120. Suppose 196 = f + p, -5*f - 582 = -8*f + u*p. What is the units digit of f?
5
Let s(u) be the first derivative of u**6/360 + u**5/40 + u**4/6 - 4*u**3/3 + 2. Let i(q) be the third derivative of s(q). What is the units digit of i(-4)?
8
Let n = 299 + -255. Let x = 2 - -2. Suppose -x*b = -3*b - n. What is the tens digit of b?
4
Let t = 165 - -38. What is the hundreds digit of t?
2
Suppose 163 = 2*g - 939. What is the tens digit of g?
5
Let r(f) be the first derivative of f**3/3 + 4*f**2 + 6*f - 2. What is the tens digit of r(-10)?
2
Let u(o) = o**2 - 12*o + 36. Let f be u(-16). Suppose -4*j = -328 - f. What is the hundreds digit of j?
2
What is the tens digit of ((706/(-3))/(-1))/(4/66)?
8
Let b(u) = -30*u + 3. Let i be b(-6). Let r = i + -102. What is the tens digit of r?
8
Let c(v) = 2*v**2 + 11*v - 9. Let a(d) = d**2 + d. Let x(q) = -3*a(q) + c(q). Let f be x(4). What is the units digit of (-99)/(-6)*(f - 5)?
3
Let k(t) = -t**2 + 3*t + 4. Let w be k(5). What is the tens digit of 3/w*-92 - -4?
5
What is the hundreds digit of ((-243)/(-324))/((-427)/428 + 1)?
3
Suppose 4*m - 32 - 16 = 0. What is the tens digit of m?
1
Let c(y) = 2*y + 16. Let l be c(-7). Suppose l*z - 3*h - 27 = -0*z, -5*h = z - 20. Let q = z + -4. What is the tens digit of q?
1
Let u(y) = y**2 - 8*y + 11. Let v be u(7). Suppose -113 = -v*x + 47. Let n = x + -19. What is the tens digit of n?
2
What is the units digit of (-1)/(2/10)*3636/(-90)?
2
Let y(k) be the third derivative of -95*k**4/24 + 5*k**3/6 + 13*k**2. What is the hundreds digit of y(-1)?
1
Suppose 5*r + 62 = -3*k, -5*k = -3*r - 2 - 8. What is the units digit of (r/(-7))/(3/105)?
0
Let p(i) = 2*i**2 - 15*i - 13. Let f be p(9). Let z be (-189)/(-6) + 3/(-6). Suppose -30*d + z*d = f. What is the tens digit of d?
1
Let g(w) = w**3 + 13*w**2 + w + 13. Let k be g(-13). Suppose -3*f + 4*f - s - 30 = 0, k = -f - 2*s + 27. What is the units digit of f?
9
Suppose 4795 = -13*b + 18679. What is the hundreds digit of b?
0
Suppose 8*u - 13*u = -75. Let l = 29 - u. What is the units digit of l?
4
Let i(h) = -258*h + 148. What is the tens digit of i(-11)?
8
Let k(d) = -10*d + 2. Let r(b) = -5*b + 1. Let l(c) = 3*k(c) - 5*r(c). What is the tens digit of l(-3)?
1
Suppose 7*f - 2*f - 1510 = 0. Let r = f + -197. What is the tens digit of r?
0
Let w = 26 - 24. Suppose -260 = -w*a + f, 5*f - 284 = a - 3*a. What is the hundreds digit of a?
1
Suppose 0 = 5*m - 221 + 211. Suppose -8*u = -3*u - 4*b - 475, 0 = -u - m*b + 95. What is the units digit of u?
5
What is the hundreds digit of ((-49)/(-14) - 12)/((-1)/14)?
1
Let n = -255 + 180. Let a = -55 - n. What is the tens digit of a?
2
Let i = -88 - -88. Let u(j) = j**3 + j**2 + 37. What is the units digit of u(i)?
7
Let v(m) = m + 4. Let c be v(0). Suppose -3*x + 2*y = -194, c*y - 191 - 147 = -5*x. What is the tens digit of x?
6
Let k(q) = -3*q**3 - 5*q**2 + 4*q - 3. Let x(b) = -2*b**3 - 5*b**2 + 3*b - 3. Let u(f) = 3*k(f) - 4*x(f). What is the tens digit of u(4)?
1
Let m(c) = 4*c + 1 - 3*c - 5*c - c + c**2. Suppose -3*q + 15 = -0. What is the units digit of m(q)?
1
Suppose 3*d - 232 = -3*r + 344, 3*r - 586 = -d. Let j = r + -135. What is the units digit of j?
2
Let k = 153 - 101. Suppose 7*h = k + 95. What is the tens digit of h?
2
Let z(v) = -2*v**2 + 20*v + 11. Let i be z(10). Suppose -120 = -i*d + 6*d. What is the tens digit of d?
2
Let c(t) = -9*t. Let p be c(1). Let l(k) = 9*k + 20. Let q(g) = 9*g + 19. Let o(r) = -3*l(r) + 2*q(r). What is the units digit of o(p)?
9
Let p = 1967 - 1376. What is the units digit of p?
1
Let o = -150 + 293. What is the hundreds digit of o?
1
Let z = 1489 + -722. What is the units digit of z?
7
Suppose 2*y = -33 + 23. What is the units digit of 2 - (-133 + (-9 - y))?
9
Let x(v) = 0*v**2 + 3*v**2 - 11*v - 2*v**2 + 3 + 0*v**2. Let j be x(11). Suppose j*z - 17 = 2*h, z + 3*h - 24 = -0*h. What is the units digit of z?
9
Let f be (3*2/6)/(3/6). Let g be -2 - 1/(1/(-2)). Suppose -f*p - 45 = -3*o - g*p, -4*o + 53 = -5*p. What is the tens digit of o?
1
Suppose -52 = 7*n - 11*n. Suppose 3*d + n = 34. Suppose -h + d = 4, -m + 5*h = -13. What is the tens digit of m?
2
Let f(g) = -g + 4. Let l be f(4). Let v(t) = t**3 + t + 35. Let a be v(l). Suppose -q + a = -2*o, 5*q + 2*o = -0*o + 199. What is the units digit of q?
9
Let g(w) = -5*w**3 - 3*w**2 - 14*w - 209. What is the hundreds digit of g(-7)?
4
Let m(u) = -u - 3. Let j = -20 + 14. Let a be m(j). Suppose -2*y - 5*q + 33 = 0, -a*y + 3*q = 5 - 44. What is the units digit of y?
4
Suppose 19*o - 14600 - 46086 = 0. What is the thousands digit of o?
3
Let a(g) = g**3 - 5*g**2 - 6*g + 9. Let s(w) = -w**2 + 8*w - 7. Let j be s(5). Let b be 7 + -2*4/j. What is the units digit of a(b)?
9
Suppose 451 - 3471 = -5*d + h, 2*d - h - 1208 = 0. What is the units digit of d?
4
What is the tens digit of 153/306*1790/1?
9
Suppose -8*b + 20 + 4 = 0. Suppose -4*p - b*n + 125 = 0, -n - 110 = -p - 2*p. What is the units digit of p?
5
Let j = 215 - -31. What is the hundreds digit of j?
2
Let g be 3/12 - (-90)/24. Let l be g/8 - (-117)/(-6). Let y = 34 + l. What is the tens digit of y?
1
Suppose 0 = -3*a - 90 + 21. Let n = a + 54. What is the units digit of n?
1
Suppose 4*o + 493 = -t + 2*t, 951 = 2*t - o. What is the units digit of t?
3
Let z(f) = -4*f + 7. Let y be z(3). Let d = y + 6. Suppose -r + 26 = d. What is the tens digit of r?
2
Let f = 329 - 190. What is the units digit of f?
9
Let b = 41 - 37. Suppose 22 = i + 5*n, i + b*n - 31 = -10. What is the tens digit of i?
1
Let t be (-15)/6*(-6)/15. Suppose -q - 2 = 4*z - 0*z, 5*z + 2*q + t = 0. What is the tens digit of 3 + 3/z - -39?
3
What is the tens digit of 6939/(-9)*(1 - 2)?
7
Suppose 3*d + 19 = r, -r + 4*d + 28 = r. Suppose 0 = 7*p - 5*p + 10, r*w - 5*p = 257. What is the tens digit of w?
5
Suppose -88*h = -84*h - 1960. Let r = h - 295. What is the hundreds digit of r?
1
Suppose -24*h - 5*u = -20*h - 5703, 1423 = h + 4*u. What is the units digit of h?
7
Let m be (14/35)/(4/10). Let c = -12 - -25. Let n = m + c. What is the units digit of n?
4
Let x(z) = -2*z + 53. What is the tens digit of x(10)?
3
Let w = 11 + -3. Suppose 5*s - w = 102. What is the tens digit of s?
2
Suppose -2*x = -0*x - 18. Let h = x + 24. What is the units digit of h?
3
Suppose 2*m + 2*c = 3*m + 6, -m - 3*c - 6 = 0. What is the hundreds digit of 146 - ((-22)/m + (-8)/12)?
1
Let n be (4 - -4) + 0/(-2). What is the units digit of 872/(-6)*(-12)/n?
8
Suppose -1292 = -4*v + 5*n, -3*v - 81 = 5*n - 1050. What is the tens digit of v?
2
Let w(b) = 2*b + 8. Let t be w(-4). Suppose 3*q + 0*q - 6 = t. Suppose -4*i + 2*a = -114, q*i = 6*i - 3*a - 117. What is the tens digit of i?
2
Let h(t) = -334*t + 1516. What is the thousands digit of h(-8)?
4
Let w(g) = g**2 - 14. Let o be w(-5). Let h(u) = 2*u**2 - 11*u + 2. What is the hundreds digit of h(o)?
1
Let g be (6/(-8))/(15/(-60)). Let f = g - -2. Suppose f*t = -41 + 151. What is the tens digit of t?
2
Suppose -5*n = 415 - 1595. What is the hundreds digit of n?
2
Let h(k) = 2*k**2 - 25*k - 19. What is the tens digit of h(20)?
8
Suppose 4*q - q = -3*k + 270, 5*k - 440 = 5*q. What is the tens digit of k?
8
Let h be -8 - (-1 + 0 - 1). Let n be h/(-2) + (8 - 12). Let o(r) = -24*r. What is the units digit of o(n)